{"id":116745,"date":"2025-11-12T21:33:46","date_gmt":"2025-11-12T20:33:46","guid":{"rendered":"https:\/\/moltamuntanya.com\/?post_type=product&#038;p=116745"},"modified":"2025-11-14T11:56:47","modified_gmt":"2025-11-14T10:56:47","slug":"lamina-vall-de-nuria","status":"publish","type":"product","link":"https:\/\/moltamuntanya.com\/es\/producto\/lamina-vall-de-nuria\/","title":{"rendered":"L\u00e1mina VALL DE N\u00daRIA"},"content":{"rendered":"<div class=\"flex max-w-full flex-col flex-grow\">\n<div class=\"min-h-8 text-message flex w-full flex-col items-end gap-2 whitespace-normal break-words text-start [.text-message+&amp;]:mt-5\" dir=\"auto\" data-message-author-role=\"assistant\" data-message-id=\"a6c9efb6-d93d-43b9-ad16-f3f576921106\" data-message-model-slug=\"gpt-4o\">\n<div class=\"flex w-full flex-col gap-1 empty:hidden first:pt-[3px]\">\n<div class=\"markdown prose w-full break-words dark:prose-invert light\">\n<h3>L\u00e1mina PICS DE LA VALL DE N\u00daRIA<\/h3>\n<p>Una colecci\u00f3n ilustrada con las principales cimas del Vall de N\u00faria, representadas a trav\u00e9s de sus mapas topogr\u00e1ficos. Desde el Puigmal hasta el Finestrelles o el Noufonts, esta l\u00e1mina muestra con precisi\u00f3n y elegancia el relieve y la belleza de este entorno pirenaico tan emblem\u00e1tico. Ideal para amantes de la monta\u00f1a y de la cartograf\u00eda.<\/p>\n<p>Dimensiones:<br \/>\nDisponible en varios tama\u00f1os est\u00e1ndar, perfecta para enmarcar y dar un toque natural a cualquier espacio.<\/p>\n<p>Calidad y materiales:<br \/>\nPapel de alta calidad con acabado mate para resaltar los detalles topogr\u00e1ficos.<br \/>\nImpresi\u00f3n ecol\u00f3gica y sostenible, respetuosa con el medio ambiente.<\/p>\n<\/div>\n<\/div>\n<\/div>\n<\/div>\n","protected":false},"excerpt":{"rendered":"<p>L\u00e1mina DIN A4 (21 cm x 29,7 cm) y DIN A3 beige (29,7 cm x 42 cm):<\/p>\n<p>Impresi\u00f3n digital sobre papel de calidad Canson Sand Grain 160 g\/m\u00b2 Gris y sobre papel de calidad Canson Sand Grain 160 g\/m\u00b2 Arena.<\/p>\n","protected":false},"featured_media":116749,"template":"","meta":[],"product_brand":[],"product_cat":[147,160],"product_tag":[],"class_list":{"0":"post-116745","1":"product","2":"type-product","3":"status-publish","4":"has-post-thumbnail","6":"product_cat-cataluna","7":"product_cat-obra-grafica-es","9":"first","10":"instock","11":"featured","12":"taxable","13":"shipping-taxable","14":"purchasable","15":"product-type-variable","16":"has-default-attributes"},"yoast_head":"<!-- This site is optimized with the Yoast SEO plugin v27.5 - https:\/\/yoast.com\/product\/yoast-seo-wordpress\/ -->\n<title>L\u00e1mina VALL DE N\u00daRIA - Molta Muntanya<\/title>\n<meta name=\"description\" content=\"L\u00e0mina il\u00b7lustrada amb els bolets m\u00e9s emblem\u00e0tics de Catalunya, com el cep, el rossinyol i la trompeta de la mort. Perfecta per a amants de la natura i la micologia.\" \/>\n<meta name=\"robots\" content=\"index, follow, max-snippet:-1, max-image-preview:large, max-video-preview:-1\" \/>\n<link rel=\"canonical\" href=\"https:\/\/moltamuntanya.com\/producte\/lamina-vall-de-nuria\/\" \/>\n<meta property=\"og:locale\" content=\"es_ES\" \/>\n<meta property=\"og:type\" content=\"article\" \/>\n<meta property=\"og:title\" content=\"L\u00e1mina VALL DE N\u00daRIA - Molta Muntanya\" \/>\n<meta property=\"og:description\" content=\"L\u00e0mina il\u00b7lustrada amb els bolets m\u00e9s emblem\u00e0tics de Catalunya, com el cep, el rossinyol i la trompeta de la mort. Perfecta per a amants de la natura i la micologia.\" \/>\n<meta property=\"og:url\" content=\"https:\/\/moltamuntanya.com\/producte\/lamina-vall-de-nuria\/\" \/>\n<meta property=\"og:site_name\" content=\"Molta Muntanya\" \/>\n<meta property=\"article:publisher\" content=\"https:\/\/www.facebook.com\/moltamuntanya\/\" \/>\n<meta property=\"article:modified_time\" content=\"2025-11-14T10:56:47+00:00\" \/>\n<meta property=\"og:image\" content=\"https:\/\/moltamuntanya.com\/wp-content\/uploads\/2025\/11\/nuria_lamina.jpg\" \/>\n\t<meta property=\"og:image:width\" content=\"1000\" \/>\n\t<meta property=\"og:image:height\" content=\"1000\" \/>\n\t<meta property=\"og:image:type\" content=\"image\/jpeg\" \/>\n<meta name=\"twitter:card\" content=\"summary_large_image\" \/>\n<meta name=\"twitter:label1\" content=\"Tiempo de lectura\" \/>\n\t<meta name=\"twitter:data1\" content=\"1 minuto\" \/>\n<script type=\"application\/ld+json\" class=\"yoast-schema-graph\">{\"@context\":\"https:\\\/\\\/schema.org\",\"@graph\":[{\"@type\":\"WebPage\",\"@id\":\"https:\\\/\\\/moltamuntanya.com\\\/producte\\\/lamina-vall-de-nuria\\\/\",\"url\":\"https:\\\/\\\/moltamuntanya.com\\\/producte\\\/lamina-vall-de-nuria\\\/\",\"name\":\"L\u00e1mina VALL DE N\u00daRIA - Molta Muntanya\",\"isPartOf\":{\"@id\":\"https:\\\/\\\/moltamuntanya.com\\\/es\\\/#website\"},\"primaryImageOfPage\":{\"@id\":\"https:\\\/\\\/moltamuntanya.com\\\/producte\\\/lamina-vall-de-nuria\\\/#primaryimage\"},\"image\":{\"@id\":\"https:\\\/\\\/moltamuntanya.com\\\/producte\\\/lamina-vall-de-nuria\\\/#primaryimage\"},\"thumbnailUrl\":\"https:\\\/\\\/moltamuntanya.com\\\/wp-content\\\/uploads\\\/2025\\\/11\\\/nuria_lamina.jpg\",\"datePublished\":\"2025-11-12T20:33:46+00:00\",\"dateModified\":\"2025-11-14T10:56:47+00:00\",\"description\":\"L\u00e0mina il\u00b7lustrada amb els bolets m\u00e9s emblem\u00e0tics de Catalunya, com el cep, el rossinyol i la trompeta de la mort. Perfecta per a amants de la natura i la micologia.\",\"breadcrumb\":{\"@id\":\"https:\\\/\\\/moltamuntanya.com\\\/producte\\\/lamina-vall-de-nuria\\\/#breadcrumb\"},\"inLanguage\":\"es\",\"potentialAction\":[{\"@type\":\"ReadAction\",\"target\":[\"https:\\\/\\\/moltamuntanya.com\\\/producte\\\/lamina-vall-de-nuria\\\/\"]}]},{\"@type\":\"ImageObject\",\"inLanguage\":\"es\",\"@id\":\"https:\\\/\\\/moltamuntanya.com\\\/producte\\\/lamina-vall-de-nuria\\\/#primaryimage\",\"url\":\"https:\\\/\\\/moltamuntanya.com\\\/wp-content\\\/uploads\\\/2025\\\/11\\\/nuria_lamina.jpg\",\"contentUrl\":\"https:\\\/\\\/moltamuntanya.com\\\/wp-content\\\/uploads\\\/2025\\\/11\\\/nuria_lamina.jpg\",\"width\":1000,\"height\":1000},{\"@type\":\"BreadcrumbList\",\"@id\":\"https:\\\/\\\/moltamuntanya.com\\\/producte\\\/lamina-vall-de-nuria\\\/#breadcrumb\",\"itemListElement\":[{\"@type\":\"ListItem\",\"position\":1,\"name\":\"Portada\",\"item\":\"https:\\\/\\\/moltamuntanya.com\\\/\"},{\"@type\":\"ListItem\",\"position\":2,\"name\":\"Productos\",\"item\":\"https:\\\/\\\/moltamuntanya.com\\\/es\\\/shop\\\/\"},{\"@type\":\"ListItem\",\"position\":3,\"name\":\"L\u00e1mina VALL DE N\u00daRIA\"}]},{\"@type\":\"WebSite\",\"@id\":\"https:\\\/\\\/moltamuntanya.com\\\/es\\\/#website\",\"url\":\"https:\\\/\\\/moltamuntanya.com\\\/es\\\/\",\"name\":\"Molta Muntanya\",\"description\":\"Muntanyes i cims de Mallorca\",\"publisher\":{\"@id\":\"https:\\\/\\\/moltamuntanya.com\\\/es\\\/#organization\"},\"potentialAction\":[{\"@type\":\"SearchAction\",\"target\":{\"@type\":\"EntryPoint\",\"urlTemplate\":\"https:\\\/\\\/moltamuntanya.com\\\/es\\\/?s={search_term_string}\"},\"query-input\":{\"@type\":\"PropertyValueSpecification\",\"valueRequired\":true,\"valueName\":\"search_term_string\"}}],\"inLanguage\":\"es\"},{\"@type\":\"Organization\",\"@id\":\"https:\\\/\\\/moltamuntanya.com\\\/es\\\/#organization\",\"name\":\"Molta Muntanya\",\"url\":\"https:\\\/\\\/moltamuntanya.com\\\/es\\\/\",\"logo\":{\"@type\":\"ImageObject\",\"inLanguage\":\"es\",\"@id\":\"https:\\\/\\\/moltamuntanya.com\\\/es\\\/#\\\/schema\\\/logo\\\/image\\\/\",\"url\":\"https:\\\/\\\/moltamuntanya.com\\\/wp-content\\\/uploads\\\/2024\\\/09\\\/cropped-logo-2024-bk.png\",\"contentUrl\":\"https:\\\/\\\/moltamuntanya.com\\\/wp-content\\\/uploads\\\/2024\\\/09\\\/cropped-logo-2024-bk.png\",\"width\":512,\"height\":512,\"caption\":\"Molta Muntanya\"},\"image\":{\"@id\":\"https:\\\/\\\/moltamuntanya.com\\\/es\\\/#\\\/schema\\\/logo\\\/image\\\/\"},\"sameAs\":[\"https:\\\/\\\/www.facebook.com\\\/moltamuntanya\\\/\",\"https:\\\/\\\/www.instagram.com\\\/moltamuntanya\\\/\"]}]}<\/script>\n<!-- \/ Yoast SEO plugin. -->","yoast_head_json":{"title":"L\u00e1mina VALL DE N\u00daRIA - Molta Muntanya","description":"L\u00e0mina il\u00b7lustrada amb els bolets m\u00e9s emblem\u00e0tics de Catalunya, com el cep, el rossinyol i la trompeta de la mort. Perfecta per a amants de la natura i la micologia.","robots":{"index":"index","follow":"follow","max-snippet":"max-snippet:-1","max-image-preview":"max-image-preview:large","max-video-preview":"max-video-preview:-1"},"canonical":"https:\/\/moltamuntanya.com\/producte\/lamina-vall-de-nuria\/","og_locale":"es_ES","og_type":"article","og_title":"L\u00e1mina VALL DE N\u00daRIA - Molta Muntanya","og_description":"L\u00e0mina il\u00b7lustrada amb els bolets m\u00e9s emblem\u00e0tics de Catalunya, com el cep, el rossinyol i la trompeta de la mort. Perfecta per a amants de la natura i la micologia.","og_url":"https:\/\/moltamuntanya.com\/producte\/lamina-vall-de-nuria\/","og_site_name":"Molta Muntanya","article_publisher":"https:\/\/www.facebook.com\/moltamuntanya\/","article_modified_time":"2025-11-14T10:56:47+00:00","og_image":[{"width":1000,"height":1000,"url":"https:\/\/moltamuntanya.com\/wp-content\/uploads\/2025\/11\/nuria_lamina.jpg","type":"image\/jpeg"}],"twitter_card":"summary_large_image","twitter_misc":{"Tiempo de lectura":"1 minuto"},"schema":{"@context":"https:\/\/schema.org","@graph":[{"@type":"WebPage","@id":"https:\/\/moltamuntanya.com\/producte\/lamina-vall-de-nuria\/","url":"https:\/\/moltamuntanya.com\/producte\/lamina-vall-de-nuria\/","name":"L\u00e1mina VALL DE N\u00daRIA - Molta Muntanya","isPartOf":{"@id":"https:\/\/moltamuntanya.com\/es\/#website"},"primaryImageOfPage":{"@id":"https:\/\/moltamuntanya.com\/producte\/lamina-vall-de-nuria\/#primaryimage"},"image":{"@id":"https:\/\/moltamuntanya.com\/producte\/lamina-vall-de-nuria\/#primaryimage"},"thumbnailUrl":"https:\/\/moltamuntanya.com\/wp-content\/uploads\/2025\/11\/nuria_lamina.jpg","datePublished":"2025-11-12T20:33:46+00:00","dateModified":"2025-11-14T10:56:47+00:00","description":"L\u00e0mina il\u00b7lustrada amb els bolets m\u00e9s emblem\u00e0tics de Catalunya, com el cep, el rossinyol i la trompeta de la mort. Perfecta per a amants de la natura i la micologia.","breadcrumb":{"@id":"https:\/\/moltamuntanya.com\/producte\/lamina-vall-de-nuria\/#breadcrumb"},"inLanguage":"es","potentialAction":[{"@type":"ReadAction","target":["https:\/\/moltamuntanya.com\/producte\/lamina-vall-de-nuria\/"]}]},{"@type":"ImageObject","inLanguage":"es","@id":"https:\/\/moltamuntanya.com\/producte\/lamina-vall-de-nuria\/#primaryimage","url":"https:\/\/moltamuntanya.com\/wp-content\/uploads\/2025\/11\/nuria_lamina.jpg","contentUrl":"https:\/\/moltamuntanya.com\/wp-content\/uploads\/2025\/11\/nuria_lamina.jpg","width":1000,"height":1000},{"@type":"BreadcrumbList","@id":"https:\/\/moltamuntanya.com\/producte\/lamina-vall-de-nuria\/#breadcrumb","itemListElement":[{"@type":"ListItem","position":1,"name":"Portada","item":"https:\/\/moltamuntanya.com\/"},{"@type":"ListItem","position":2,"name":"Productos","item":"https:\/\/moltamuntanya.com\/es\/shop\/"},{"@type":"ListItem","position":3,"name":"L\u00e1mina VALL DE N\u00daRIA"}]},{"@type":"WebSite","@id":"https:\/\/moltamuntanya.com\/es\/#website","url":"https:\/\/moltamuntanya.com\/es\/","name":"Molta Muntanya","description":"Muntanyes i cims de Mallorca","publisher":{"@id":"https:\/\/moltamuntanya.com\/es\/#organization"},"potentialAction":[{"@type":"SearchAction","target":{"@type":"EntryPoint","urlTemplate":"https:\/\/moltamuntanya.com\/es\/?s={search_term_string}"},"query-input":{"@type":"PropertyValueSpecification","valueRequired":true,"valueName":"search_term_string"}}],"inLanguage":"es"},{"@type":"Organization","@id":"https:\/\/moltamuntanya.com\/es\/#organization","name":"Molta Muntanya","url":"https:\/\/moltamuntanya.com\/es\/","logo":{"@type":"ImageObject","inLanguage":"es","@id":"https:\/\/moltamuntanya.com\/es\/#\/schema\/logo\/image\/","url":"https:\/\/moltamuntanya.com\/wp-content\/uploads\/2024\/09\/cropped-logo-2024-bk.png","contentUrl":"https:\/\/moltamuntanya.com\/wp-content\/uploads\/2024\/09\/cropped-logo-2024-bk.png","width":512,"height":512,"caption":"Molta Muntanya"},"image":{"@id":"https:\/\/moltamuntanya.com\/es\/#\/schema\/logo\/image\/"},"sameAs":["https:\/\/www.facebook.com\/moltamuntanya\/","https:\/\/www.instagram.com\/moltamuntanya\/"]}]}},"_links":{"self":[{"href":"https:\/\/moltamuntanya.com\/es\/wp-json\/wp\/v2\/product\/116745","targetHints":{"allow":["GET"]}}],"collection":[{"href":"https:\/\/moltamuntanya.com\/es\/wp-json\/wp\/v2\/product"}],"about":[{"href":"https:\/\/moltamuntanya.com\/es\/wp-json\/wp\/v2\/types\/product"}],"wp:featuredmedia":[{"embeddable":true,"href":"https:\/\/moltamuntanya.com\/es\/wp-json\/wp\/v2\/media\/116749"}],"wp:attachment":[{"href":"https:\/\/moltamuntanya.com\/es\/wp-json\/wp\/v2\/media?parent=116745"}],"wp:term":[{"taxonomy":"product_brand","embeddable":true,"href":"https:\/\/moltamuntanya.com\/es\/wp-json\/wp\/v2\/product_brand?post=116745"},{"taxonomy":"product_cat","embeddable":true,"href":"https:\/\/moltamuntanya.com\/es\/wp-json\/wp\/v2\/product_cat?post=116745"},{"taxonomy":"product_tag","embeddable":true,"href":"https:\/\/moltamuntanya.com\/es\/wp-json\/wp\/v2\/product_tag?post=116745"}],"curies":[{"name":"wp","href":"https:\/\/api.w.org\/{rel}","templated":true}]}}

Lámina VALL DE NÚRIA

<div class="flex max-w-full flex-col flex-grow">
<div class="min-h-8 text-message flex w-full flex-col items-end gap-2 whitespace-normal break-words text-start [.text-message+&amp;]:mt-5" dir="auto" data-message-author-role="assistant" data-message-id="a6c9efb6-d93d-43b9-ad16-f3f576921106" data-message-model-slug="gpt-4o">
<div class="flex w-full flex-col gap-1 empty:hidden first:pt-[3px]">
<div class="markdown prose w-full break-words dark:prose-invert light">
<h3>Lámina PICS DE LA VALL DE NÚRIA</h3>
<p>Una colección ilustrada con las principales cimas del Vall de Núria, representadas a través de sus mapas topográficos. Desde el Puigmal hasta el Finestrelles o el Noufonts, esta lámina muestra con precisión y elegancia el relieve y la belleza de este entorno pirenaico tan emblemático. Ideal para amantes de la montaña y de la cartografía.</p>
<p>Dimensiones:<br />
Disponible en varios tamaños estándar, perfecta para enmarcar y dar un toque natural a cualquier espacio.</p>
<p>Calidad y materiales:<br />
Papel de alta calidad con acabado mate para resaltar los detalles topográficos.<br />
Impresión ecológica y sostenible, respetuosa con el medio ambiente.</p>
</div>
</div>
</div>
</div>

<p>Lámina DIN A4 (21 cm x 29,7 cm) y DIN A3 beige (29,7 cm x 42 cm):</p>
<p>Impresión digital sobre papel de calidad Canson Sand Grain 160 g/m² Gris y sobre papel de calidad Canson Sand Grain 160 g/m² Arena.</p>

<!-- This site is optimized with the Yoast SEO plugin v27.5 - https://yoast.com/product/yoast-seo-wordpress/ -->
<title>Lámina VALL DE NÚRIA - Molta Muntanya</title>
<meta name="description" content="Làmina il·lustrada amb els bolets més emblemàtics de Catalunya, com el cep, el rossinyol i la trompeta de la mort. Perfecta per a amants de la natura i la micologia." />
<meta name="robots" content="index, follow, max-snippet:-1, max-image-preview:large, max-video-preview:-1" />
<link rel="canonical" href="https://moltamuntanya.com/producte/lamina-vall-de-nuria/" />
<meta property="og:locale" content="es_ES" />
<meta property="og:type" content="article" />
<meta property="og:title" content="Lámina VALL DE NÚRIA - Molta Muntanya" />
<meta property="og:description" content="Làmina il·lustrada amb els bolets més emblemàtics de Catalunya, com el cep, el rossinyol i la trompeta de la mort. Perfecta per a amants de la natura i la micologia." />
<meta property="og:url" content="https://moltamuntanya.com/producte/lamina-vall-de-nuria/" />
<meta property="og:site_name" content="Molta Muntanya" />
<meta property="article:publisher" content="https://www.facebook.com/moltamuntanya/" />
<meta property="article:modified_time" content="2025-11-14T10:56:47+00:00" />
<meta property="og:image" content="https://moltamuntanya.com/wp-content/uploads/2025/11/nuria_lamina.jpg" />
	<meta property="og:image:width" content="1000" />
	<meta property="og:image:height" content="1000" />
	<meta property="og:image:type" content="image/jpeg" />
<meta name="twitter:card" content="summary_large_image" />
<meta name="twitter:label1" content="Tiempo de lectura" />
	<meta name="twitter:data1" content="1 minuto" />
<script type="application/ld+json" class="yoast-schema-graph">{"@context":"https:\/\/schema.org","@graph":[{"@type":"WebPage","@id":"https:\/\/moltamuntanya.com\/producte\/lamina-vall-de-nuria\/","url":"https:\/\/moltamuntanya.com\/producte\/lamina-vall-de-nuria\/","name":"Lámina VALL DE NÚRIA - Molta Muntanya","isPartOf":{"@id":"https:\/\/moltamuntanya.com\/es\/#website"},"primaryImageOfPage":{"@id":"https:\/\/moltamuntanya.com\/producte\/lamina-vall-de-nuria\/#primaryimage"},"image":{"@id":"https:\/\/moltamuntanya.com\/producte\/lamina-vall-de-nuria\/#primaryimage"},"thumbnailUrl":"https:\/\/moltamuntanya.com\/wp-content\/uploads\/2025\/11\/nuria_lamina.jpg","datePublished":"2025-11-12T20:33:46+00:00","dateModified":"2025-11-14T10:56:47+00:00","description":"Làmina il·lustrada amb els bolets més emblemàtics de Catalunya, com el cep, el rossinyol i la trompeta de la mort. Perfecta per a amants de la natura i la micologia.","breadcrumb":{"@id":"https:\/\/moltamuntanya.com\/producte\/lamina-vall-de-nuria\/#breadcrumb"},"inLanguage":"es","potentialAction":[{"@type":"ReadAction","target":["https:\/\/moltamuntanya.com\/producte\/lamina-vall-de-nuria\/"]}]},{"@type":"ImageObject","inLanguage":"es","@id":"https:\/\/moltamuntanya.com\/producte\/lamina-vall-de-nuria\/#primaryimage","url":"https:\/\/moltamuntanya.com\/wp-content\/uploads\/2025\/11\/nuria_lamina.jpg","contentUrl":"https:\/\/moltamuntanya.com\/wp-content\/uploads\/2025\/11\/nuria_lamina.jpg","width":1000,"height":1000},{"@type":"BreadcrumbList","@id":"https:\/\/moltamuntanya.com\/producte\/lamina-vall-de-nuria\/#breadcrumb","itemListElement":[{"@type":"ListItem","position":1,"name":"Portada","item":"https:\/\/moltamuntanya.com\/"},{"@type":"ListItem","position":2,"name":"Productos","item":"https:\/\/moltamuntanya.com\/es\/shop\/"},{"@type":"ListItem","position":3,"name":"Lámina VALL DE NÚRIA"}]},{"@type":"WebSite","@id":"https:\/\/moltamuntanya.com\/es\/#website","url":"https:\/\/moltamuntanya.com\/es\/","name":"Molta Muntanya","description":"Muntanyes i cims de Mallorca","publisher":{"@id":"https:\/\/moltamuntanya.com\/es\/#organization"},"potentialAction":[{"@type":"SearchAction","target":{"@type":"EntryPoint","urlTemplate":"https:\/\/moltamuntanya.com\/es\/?s={search_term_string}"},"query-input":{"@type":"PropertyValueSpecification","valueRequired":true,"valueName":"search_term_string"}}],"inLanguage":"es"},{"@type":"Organization","@id":"https:\/\/moltamuntanya.com\/es\/#organization","name":"Molta Muntanya","url":"https:\/\/moltamuntanya.com\/es\/","logo":{"@type":"ImageObject","inLanguage":"es","@id":"https:\/\/moltamuntanya.com\/es\/#\/schema\/logo\/image\/","url":"https:\/\/moltamuntanya.com\/wp-content\/uploads\/2024\/09\/cropped-logo-2024-bk.png","contentUrl":"https:\/\/moltamuntanya.com\/wp-content\/uploads\/2024\/09\/cropped-logo-2024-bk.png","width":512,"height":512,"caption":"Molta Muntanya"},"image":{"@id":"https:\/\/moltamuntanya.com\/es\/#\/schema\/logo\/image\/"},"sameAs":["https:\/\/www.facebook.com\/moltamuntanya\/","https:\/\/www.instagram.com\/moltamuntanya\/"]}]}</script>
<!-- / Yoast SEO plugin. -->

Lámina VALL DE NÚRIA - Molta Muntanya

Làmina il·lustrada amb els bolets més emblemàtics de Catalunya, com el cep, el rossinyol i la trompeta de la mort. Perfecta per a amants de la natura i la micologia.
